{"id":18,"date":"2026-04-24T21:44:37","date_gmt":"2026-04-24T19:44:37","guid":{"rendered":"http:\/\/klug-solar.de\/?page_id=18"},"modified":"2026-05-10T16:31:44","modified_gmt":"2026-05-10T14:31:44","slug":"impressum","status":"publish","type":"page","link":"https:\/\/klug-solar.de\/?page_id=18","title":{"rendered":"Impressum"},"content":{"rendered":"\t\t<div data-elementor-type=\"wp-page\" data-elementor-id=\"18\" class=\"elementor elementor-18\">\n\t\t\t\t<div class=\"elementor-element elementor-element-1451cd4 e-flex e-con-boxed e-con e-parent\" data-id=\"1451cd4\" data-element_type=\"container\" data-e-type=\"container\">\n\t\t\t\t\t<div class=\"e-con-inner\">\n\t\t\t\t<div class=\"elementor-element elementor-element-19a959c elementor-widget elementor-widget-html\" data-id=\"19a959c\" data-element_type=\"widget\" data-e-type=\"widget\" data-widget_type=\"html.default\">\n\t\t\t\t\t<section id=\"impressum\" style=\"max-width:800px; margin:auto; font-family:Arial, sans-serif; line-height:1.6;\">\n  <h1>Impressum<\/h1>\n\n  <h2>Angaben gem\u00e4\u00df \u00a7 5 TMG<\/h2>\n  <p>\n    <strong>Ing. Axel Klug<\/strong><br>\n    Klug Solar \u2013 Beratung zu Photovoltaik &amp; W\u00e4rmepumpen<br>\n    Eschenhof 19<br>\n    68309 Mannheim<br>\n    Deutschland\n  <\/p>\n\n  <h2>Kontakt<\/h2>\n  <p>\n    Telefon: <a href=\"tel:+491743266191\">0174 3266191<\/a><br>\n    E-Mail: <a href=\"mailto:info@klug-solar.de\">info@klug-solar.de<\/a><br>\n    Website: <a href=\"https:\/\/klug-solar.de\" target=\"_blank\">www.klug-solar.de<\/a>\n  <\/p>\n\n  <h2>T\u00e4tigkeit<\/h2>\n  <p>\n    Unabh\u00e4ngige Beratung zu Photovoltaikanlagen und W\u00e4rmepumpen.<br>\n    Keine Ausf\u00fchrung von Installationsarbeiten.\n  <\/p>\n\n  <h2>Verantwortlich f\u00fcr den Inhalt nach \u00a7 55 Abs. 2 RStV<\/h2>\n  <p>\n    Ing. Axel Klug<br>\n    Eschenhof 19<br>\n    68309 Mannheim\n  <\/p>\n\n  <h2>Hinweis gem\u00e4\u00df \u00a7 19 UStG<\/h2>\n  <p>\n    Es wird keine Umsatzsteuer ausgewiesen.\n  <\/p>\n  \n  <h2>EU-Streitschlichtung<\/h2>\n<p>\n  Die Europ\u00e4ische Kommission stellt eine Plattform zur Online-Streitbeilegung (OS) bereit:\n  <a href=\"https:\/\/ec.europa.eu\/consumers\/odr\/\" target=\"_blank\">\n    https:\/\/ec.europa.eu\/consumers\/odr\/\n  <\/a><br>\n  Unsere E-Mail-Adresse finden Sie oben im Impressum.\n<\/p>\n\n<h2>Verbraucherstreitbeilegung \/ Universalschlichtungsstelle<\/h2>\n<p>\n  Wir sind nicht bereit oder verpflichtet, an Streitbeilegungsverfahren vor einer\n  Verbraucherschlichtungsstelle teilzunehmen.\n<\/p>\n\n<\/section>\t\t\t\t<\/div>\n\t\t\t\t\t<\/div>\n\t\t\t\t<\/div>\n\t\t\t\t<\/div>\n\t\t","protected":false},"excerpt":{"rendered":"<p>Impressum Angaben gem\u00e4\u00df \u00a7 5 TMG Ing. Axel Klug Klug Solar \u2013 Beratung zu Photovoltaik &amp; W\u00e4rmepumpen Eschenhof 19 68309 Mannheim Deutschland Kontakt Telefon: 0174 3266191 E-Mail: info@klug-solar.de Website: www.klug-solar.de T\u00e4tigkeit Unabh\u00e4ngige Beratung zu Photovoltaikanlagen und W\u00e4rmepumpen. Keine Ausf\u00fchrung von Installationsarbeiten. Verantwortlich f\u00fcr den Inhalt nach \u00a7 55 Abs. 2 RStV Ing. Axel Klug Eschenhof [&hellip;]<\/p>\n","protected":false},"author":1,"featured_media":0,"parent":0,"menu_order":0,"comment_status":"closed","ping_status":"closed","template":"elementor_canvas","meta":{"footnotes":""},"class_list":["post-18","page","type-page","status-publish","hentry"],"_links":{"self":[{"href":"https:\/\/klug-solar.de\/index.php?rest_route=\/wp\/v2\/pages\/18","targetHints":{"allow":["GET"]}}],"collection":[{"href":"https:\/\/klug-solar.de\/index.php?rest_route=\/wp\/v2\/pages"}],"about":[{"href":"https:\/\/klug-solar.de\/index.php?rest_route=\/wp\/v2\/types\/page"}],"author":[{"embeddable":true,"href":"https:\/\/klug-solar.de\/index.php?rest_route=\/wp\/v2\/users\/1"}],"replies":[{"embeddable":true,"href":"https:\/\/klug-solar.de\/index.php?rest_route=%2Fwp%2Fv2%2Fcomments&post=18"}],"version-history":[{"count":10,"href":"https:\/\/klug-solar.de\/index.php?rest_route=\/wp\/v2\/pages\/18\/revisions"}],"predecessor-version":[{"id":41,"href":"https:\/\/klug-solar.de\/index.php?rest_route=\/wp\/v2\/pages\/18\/revisions\/41"}],"wp:attachment":[{"href":"https:\/\/klug-solar.de\/index.php?rest_route=%2Fwp%2Fv2%2Fmedia&parent=18"}],"curies":[{"name":"wp","href":"https:\/\/api.w.org\/{rel}","templated":true}]}}